{"id":149,"date":"2021-11-16T23:15:20","date_gmt":"2021-11-16T23:15:20","guid":{"rendered":"https:\/\/grupointelsa.com\/?page_id=149"},"modified":"2021-12-16T19:02:30","modified_gmt":"2021-12-16T19:02:30","slug":"inicio-2","status":"publish","type":"page","link":"https:\/\/grupointelsa.com\/","title":{"rendered":"Inicio"},"content":{"rendered":"<p>[et_pb_section fb_built=\u00bb1&#8243; _builder_version=\u00bb4.13.0&#8243; _module_preset=\u00bbdefault\u00bb background_image=\u00bbhttps:\/\/grupointelsa.com\/wp-content\/uploads\/2021\/11\/1_ANTHENA.png\u00bb background_position=\u00bbtop_center\u00bb background_last_edited=\u00bbon|phone\u00bb background_image_phone=\u00bbhttps:\/\/grupointelsa.com\/wp-content\/uploads\/2021\/11\/1ANTHENA.png\u00bb background_enable_image_phone=\u00bbon\u00bb background_position_phone=\u00bbtop_left\u00bb global_colors_info=\u00bb{}\u00bb][et_pb_row column_structure=\u00bb1_2,1_2&#8243; _builder_version=\u00bb4.13.0&#8243; _module_preset=\u00bbdefault\u00bb custom_padding=\u00bb||0px|||\u00bb global_colors_info=\u00bb{}\u00bb][et_pb_column type=\u00bb1_2&#8243; _builder_version=\u00bb4.13.0&#8243; _module_preset=\u00bbdefault\u00bb global_colors_info=\u00bb{}\u00bb][et_pb_divider show_divider=\u00bboff\u00bb _builder_version=\u00bb4.13.0&#8243; _module_preset=\u00bbdefault\u00bb custom_margin=\u00bb48vh||24vh||false|false\u00bb custom_margin_tablet=\u00bb48vh||24vh||false|false\u00bb custom_margin_phone=\u00bb35vh||||false|false\u00bb custom_margin_last_edited=\u00bbon|phone\u00bb global_colors_info=\u00bb{}\u00bb][\/et_pb_divider][\/et_pb_column][et_pb_column type=\u00bb1_2&#8243; _builder_version=\u00bb4.13.0&#8243; _module_preset=\u00bbdefault\u00bb global_colors_info=\u00bb{}\u00bb][dnxte_multi_heading text_one=\u00bbSoluciones\u00bb text_one_reveal_effect=\u00bbon\u00bb text_one_reveal_color_before=\u00bbgcid-f8ddcb63-bb3e-4993-a2a0-e5d99dc4b0dc\u00bb _builder_version=\u00bb4.13.0&#8243; _module_preset=\u00bbdefault\u00bb text_one_font=\u00bbIBM Plex Sans Condensed|700||on|||||\u00bb text_one_text_color=\u00bbgcid-f8ddcb63-bb3e-4993-a2a0-e5d99dc4b0dc\u00bb text_one_font_size=\u00bb7vh\u00bb custom_margin=\u00bb30vh||0px||false|false\u00bb custom_margin_tablet=\u00bb30vh||0px||false|false\u00bb custom_margin_phone=\u00bb-43vh||||false|false\u00bb custom_margin_last_edited=\u00bbon|phone\u00bb text_one_font_size_tablet=\u00bb7vh\u00bb text_one_font_size_phone=\u00bb5vh\u00bb text_one_font_size_last_edited=\u00bbon|phone\u00bb global_colors_info=\u00bb{%22gcid-f8ddcb63-bb3e-4993-a2a0-e5d99dc4b0dc%22:%91%22text_one_text_color%22,%22text_one_reveal_color_before%22%93}\u00bb][\/dnxte_multi_heading][dnxte_multi_heading text_one=\u00bbintegrales de\u00bb text_one_reveal_effect=\u00bbon\u00bb text_one_reveal_color_before=\u00bbgcid-f8ddcb63-bb3e-4993-a2a0-e5d99dc4b0dc\u00bb _builder_version=\u00bb4.13.0&#8243; _module_preset=\u00bbdefault\u00bb text_one_font=\u00bbIBM Plex Sans Condensed|700||on|||||\u00bb text_one_text_color=\u00bbgcid-f8ddcb63-bb3e-4993-a2a0-e5d99dc4b0dc\u00bb text_one_font_size=\u00bb7vh\u00bb custom_margin=\u00bb0vh||0px||false|false\u00bb custom_margin_tablet=\u00bb0vh||0px||false|false\u00bb custom_margin_phone=\u00bb-3vh||0px||false|false\u00bb custom_margin_last_edited=\u00bbon|phone\u00bb text_one_font_size_tablet=\u00bb7vh\u00bb text_one_font_size_phone=\u00bb5vh\u00bb text_one_font_size_last_edited=\u00bbon|phone\u00bb global_colors_info=\u00bb{%22gcid-f8ddcb63-bb3e-4993-a2a0-e5d99dc4b0dc%22:%91%22text_one_text_color%22,%22text_one_reveal_color_before%22%93}\u00bb][\/dnxte_multi_heading][dnxte_multi_heading text_one=\u00bbtelecomunicaciones\u00bb text_one_reveal_effect=\u00bbon\u00bb text_one_reveal_color_before=\u00bbgcid-4db61032-b56c-4d25-b26c-7a2177f5f894&#8243; _builder_version=\u00bb4.13.0&#8243; _module_preset=\u00bbdefault\u00bb text_one_font=\u00bbIBM Plex Sans Condensed|700||on|||||\u00bb text_one_text_color=\u00bbgcid-4db61032-b56c-4d25-b26c-7a2177f5f894&#8243; text_one_font_size=\u00bb7vh\u00bb custom_margin=\u00bb0vh||0px||false|false\u00bb custom_margin_tablet=\u00bb0vh||0px||false|false\u00bb custom_margin_phone=\u00bb-4vh||0px||false|false\u00bb custom_margin_last_edited=\u00bbon|phone\u00bb text_one_font_size_tablet=\u00bb7vh\u00bb text_one_font_size_phone=\u00bb4vh\u00bb text_one_font_size_last_edited=\u00bbon|phone\u00bb global_colors_info=\u00bb{%22gcid-4db61032-b56c-4d25-b26c-7a2177f5f894%22:%91%22text_one_text_color%22,%22text_one_reveal_color_before%22%93}\u00bb][\/dnxte_multi_heading][dnxte_multi_heading text_one=\u00bbSomos un integrador tecnol\u00f3gico con 12 a\u00f1os de experiencia profesional.\u00bb text_one_reveal_effect=\u00bbon\u00bb text_one_reveal_color_before=\u00bb#000000&#8243; _builder_version=\u00bb4.13.0&#8243; _module_preset=\u00bbdefault\u00bb text_one_font=\u00bbSaira|300|on||||||\u00bb text_one_text_color=\u00bb#000000&#8243; text_one_font_size=\u00bb2vh\u00bb custom_margin=\u00bb-3vh||0px||false|false\u00bb global_colors_info=\u00bb{}\u00bb][\/dnxte_multi_heading][\/et_pb_column][\/et_pb_row][\/et_pb_section][et_pb_section fb_built=\u00bb1&#8243; _builder_version=\u00bb4.13.0&#8243; _module_preset=\u00bbdefault\u00bb global_colors_info=\u00bb{}\u00bb][et_pb_row column_structure=\u00bb2_5,3_5&#8243; _builder_version=\u00bb4.13.0&#8243; _module_preset=\u00bbdefault\u00bb global_colors_info=\u00bb{}\u00bb][et_pb_column type=\u00bb2_5&#8243; _builder_version=\u00bb4.13.0&#8243; _module_preset=\u00bbdefault\u00bb global_colors_info=\u00bb{}\u00bb][et_pb_image src=\u00bbhttps:\/\/grupointelsa.com\/wp-content\/uploads\/2021\/11\/intelsaAsset-2@4x.png\u00bb title_text=\u00bbintelsaAsset 2@4x\u00bb align_tablet=\u00bb\u00bb align_phone=\u00bbcenter\u00bb align_last_edited=\u00bbon|phone\u00bb _builder_version=\u00bb4.13.0&#8243; _module_preset=\u00bbdefault\u00bb width=\u00bb49vh\u00bb width_tablet=\u00bb49vh\u00bb width_phone=\u00bb69%\u00bb width_last_edited=\u00bbon|phone\u00bb global_colors_info=\u00bb{}\u00bb][\/et_pb_image][\/et_pb_column][et_pb_column type=\u00bb3_5&#8243; _builder_version=\u00bb4.13.0&#8243; _module_preset=\u00bbdefault\u00bb global_colors_info=\u00bb{}\u00bb][et_pb_text _builder_version=\u00bb4.13.0&#8243; _module_preset=\u00bbdefault\u00bb text_font=\u00bbSaira|300|||||||\u00bb text_text_color=\u00bb#000000&#8243; text_font_size=\u00bb19px\u00bb text_line_height=\u00bb1.9em\u00bb custom_margin=\u00bb17vh||||false|false\u00bb custom_margin_tablet=\u00bb17vh||||false|false\u00bb custom_margin_phone=\u00bb4vh||||false|false\u00bb custom_margin_last_edited=\u00bbon|phone\u00bb text_font_size_tablet=\u00bb19px\u00bb text_font_size_phone=\u00bb17px\u00bb text_font_size_last_edited=\u00bbon|phone\u00bb global_colors_info=\u00bb{}\u00bb]Ofrecemos servicios de instalaci\u00f3n y mantenimiento de sistemas avanzados, redes de transporte, redes de acceso, comunicaciones de datos. Brindamos asesor\u00edas para la ejecuci\u00f3n de proyectos de transformaci\u00f3n digital.[\/et_pb_text][et_pb_image src=\u00bbhttps:\/\/grupointelsa.com\/wp-content\/uploads\/2021\/11\/intelsaArtboard-1-1.svg\u00bb title_text=\u00bbintelsaArtboard 1&#8243; url=\u00bb@ET-DC@eyJkeW5hbWljIjp0cnVlLCJjb250ZW50IjoicG9zdF9saW5rX3VybF9wYWdlIiwic2V0dGluZ3MiOnsicG9zdF9pZCI6IjEwMiJ9fQ==@\u00bb _builder_version=\u00bb4.13.0&#8243; _dynamic_attributes=\u00bburl\u00bb _module_preset=\u00bbdefault\u00bb width=\u00bb24vh\u00bb custom_margin=\u00bb|||57vh|false|false\u00bb animation_style=\u00bbfold\u00bb animation_intensity_fold=\u00bb100%\u00bb animation_speed_curve=\u00bbease\u00bb global_colors_info=\u00bb{}\u00bb][\/et_pb_image][\/et_pb_column][\/et_pb_row][\/et_pb_section][et_pb_section fb_built=\u00bb1&#8243; _builder_version=\u00bb4.13.0&#8243; _module_preset=\u00bbdefault\u00bb background_image=\u00bbhttps:\/\/grupointelsa.com\/wp-content\/uploads\/2021\/11\/intelsaa@4x.png\u00bb parallax=\u00bbon\u00bb parallax_method=\u00bboff\u00bb global_colors_info=\u00bb{}\u00bb][et_pb_row _builder_version=\u00bb4.13.0&#8243; _module_preset=\u00bbdefault\u00bb global_colors_info=\u00bb{}\u00bb][et_pb_column type=\u00bb4_4&#8243; _builder_version=\u00bb4.13.0&#8243; _module_preset=\u00bbdefault\u00bb global_colors_info=\u00bb{}\u00bb][et_pb_divider show_divider=\u00bboff\u00bb _builder_version=\u00bb4.13.0&#8243; _module_preset=\u00bbdefault\u00bb custom_margin=\u00bb31vh||-8vh||false|false\u00bb global_colors_info=\u00bb{}\u00bb][\/et_pb_divider][\/et_pb_column][\/et_pb_row][\/et_pb_section][et_pb_section fb_built=\u00bb1&#8243; _builder_version=\u00bb4.13.0&#8243; _module_preset=\u00bbdefault\u00bb background_color=\u00bbgcid-4db61032-b56c-4d25-b26c-7a2177f5f894&#8243; global_colors_info=\u00bb{%22gcid-4db61032-b56c-4d25-b26c-7a2177f5f894%22:%91%22background_color%22%93}\u00bb][et_pb_row column_structure=\u00bb1_2,1_2&#8243; _builder_version=\u00bb4.13.0&#8243; _module_preset=\u00bbdefault\u00bb global_colors_info=\u00bb{}\u00bb][et_pb_column type=\u00bb1_2&#8243; _builder_version=\u00bb4.13.0&#8243; _module_preset=\u00bbdefault\u00bb global_colors_info=\u00bb{}\u00bb][dnxte_multi_heading text_one=\u00bbS\u00c9 PARTE DE \u00bb text_one_reveal_effect=\u00bbon\u00bb text_one_reveal_color_before=\u00bbgcid-f8ddcb63-bb3e-4993-a2a0-e5d99dc4b0dc\u00bb _builder_version=\u00bb4.13.0&#8243; _module_preset=\u00bbdefault\u00bb text_one_font=\u00bbIBM Plex Sans Condensed|700||on|||||\u00bb text_one_text_color=\u00bb#FFFFFF\u00bb text_one_font_size=\u00bb7vh\u00bb custom_margin=\u00bb9vh||0px||false|false\u00bb global_colors_info=\u00bb{%22gcid-f8ddcb63-bb3e-4993-a2a0-e5d99dc4b0dc%22:%91%22text_one_reveal_color_before%22%93}\u00bb][\/dnxte_multi_heading][dnxte_multi_heading text_one=\u00bbNUESTRO EQUIPO\u00bb text_one_reveal_effect=\u00bbon\u00bb _builder_version=\u00bb4.13.0&#8243; _module_preset=\u00bbdefault\u00bb text_one_font=\u00bbIBM Plex Sans Condensed|700||on|||||\u00bb text_one_text_color=\u00bb#FFFFFF\u00bb text_one_font_size=\u00bb7vh\u00bb custom_margin=\u00bb-3vh||0px||false|false\u00bb text_one_font_size_tablet=\u00bb7vh\u00bb text_one_font_size_phone=\u00bb5vh\u00bb text_one_font_size_last_edited=\u00bbon|phone\u00bb global_colors_info=\u00bb{}\u00bb][\/dnxte_multi_heading][dnxte_multi_heading text_one=\u00bbS\u00e9 parte de la empresa en crecimiento en el campo de las telecomunicaciones.\u00bb text_one_reveal_effect=\u00bbon\u00bb text_one_reveal_color_before=\u00bb#000000&#8243; _builder_version=\u00bb4.13.0&#8243; _module_preset=\u00bbdefault\u00bb text_one_font=\u00bbSaira|300|||||||\u00bb text_one_text_color=\u00bb#FFFFFF\u00bb text_one_font_size=\u00bb21px\u00bb text_one_line_height=\u00bb0.1em\u00bb custom_margin=\u00bb-3vh||0px||false|false\u00bb global_colors_info=\u00bb{}\u00bb][\/dnxte_multi_heading][\/et_pb_column][et_pb_column type=\u00bb1_2&#8243; _builder_version=\u00bb4.13.0&#8243; _module_preset=\u00bbdefault\u00bb global_colors_info=\u00bb{}\u00bb][et_pb_code _builder_version=\u00bb4.13.0&#8243; _module_preset=\u00bbdefault\u00bb text_orientation=\u00bbcenter\u00bb width=\u00bb100%\u00bb max_width=\u00bb100%\u00bb custom_margin=\u00bb93px|||||\u00bb global_colors_info=\u00bb{}\u00bb]\n<div class=\"wpcf7 no-js\" id=\"wpcf7-f152-o1\" lang=\"es-ES\" dir=\"ltr\" data-wpcf7-id=\"152\">\n<div class=\"screen-reader-response\"><p role=\"status\" aria-live=\"polite\" aria-atomic=\"true\"><\/p> <ul><\/ul><\/div>\n<form action=\"\/index.php?rest_route=%2Fwp%2Fv2%2Fpages%2F149#wpcf7-f152-o1\" method=\"post\" class=\"wpcf7-form init\" aria-label=\"Formulario de contacto\" enctype=\"multipart\/form-data\" novalidate=\"novalidate\" data-status=\"init\">\n<fieldset class=\"hidden-fields-container\"><input type=\"hidden\" name=\"_wpcf7\" value=\"152\" \/><input type=\"hidden\" name=\"_wpcf7_version\" value=\"6.1.4\" \/><input type=\"hidden\" name=\"_wpcf7_locale\" value=\"es_ES\" \/><input type=\"hidden\" name=\"_wpcf7_unit_tag\" value=\"wpcf7-f152-o1\" \/><input type=\"hidden\" name=\"_wpcf7_container_post\" value=\"0\" \/><input type=\"hidden\" name=\"_wpcf7_posted_data_hash\" value=\"\" \/>\n<\/fieldset>\n<p><label for=\"boton-cv\" class=\"boton-cv\">Adjunta tu CV>><\/label><br \/>\n<span class=\"wpcf7-form-control-wrap\" data-name=\"CV-Adjuntar\"><input size=\"40\" class=\"wpcf7-form-control wpcf7-file boton-cv\" id=\"boton-cv\" accept=\".doc,.pdf\" aria-invalid=\"false\" type=\"file\" name=\"CV-Adjuntar\" \/><\/span><br \/>\n<input class=\"wpcf7-form-control wpcf7-submit has-spinner\" id=\"boton-enviarcv\" type=\"submit\" value=\"Enviar\" \/>\n<\/p><div class=\"wpcf7-response-output\" aria-hidden=\"true\"><\/div>\n<\/form>\n<\/div>\n[\/et_pb_code][\/et_pb_column][\/et_pb_row][\/et_pb_section]<\/p>\n","protected":false},"excerpt":{"rendered":"<p><div class=\"et_pb_module dnxte_multi_heading dnxte_multi_heading_0\">\n\t\t\t\t\n\t\t\t\t\n\t\t\t\t\n\t\t\t\t\n\t\t\t\t\n\t\t\t\t\n\t\t\t\t<div class=\"et_pb_module_inner\">\n\t\t\t\t\t<div class=\"wrapper\"><h1 class='header-level '><span class=\"dnxt-text-one reveal-effect masker wow\"><span class=\"dnxt-gradient-text-color-1\">Soluciones<\/span><\/span><\/h1><\/div>\n\t\t\t\t<\/div>\n\t\t\t<\/div><div class=\"et_pb_module dnxte_multi_heading dnxte_multi_heading_1\">\n\t\t\t\t\n\t\t\t\t\n\t\t\t\t\n\t\t\t\t\n\t\t\t\t\n\t\t\t\t\n\t\t\t\t<div class=\"et_pb_module_inner\">\n\t\t\t\t\t<div class=\"wrapper\"><h1 class='header-level '><span class=\"dnxt-text-one reveal-effect masker wow\"><span class=\"dnxt-gradient-text-color-1\">integrales de<\/span><\/span><\/h1><\/div>\n\t\t\t\t<\/div>\n\t\t\t<\/div><div class=\"et_pb_module dnxte_multi_heading dnxte_multi_heading_2\">\n\t\t\t\t\n\t\t\t\t\n\t\t\t\t\n\t\t\t\t\n\t\t\t\t\n\t\t\t\t\n\t\t\t\t<div class=\"et_pb_module_inner\">\n\t\t\t\t\t<div class=\"wrapper\"><h1 class='header-level '><span class=\"dnxt-text-one \"><span class=\"dnxt-gradient-text-color-1\">\u00bbtelecomunicaciones\u00bb<\/span><\/span><\/h1><\/div>\n\t\t\t\t<\/div>\n\t\t\t<\/div><\/p>\n","protected":false},"author":1,"featured_media":0,"parent":0,"menu_order":0,"comment_status":"closed","ping_status":"closed","template":"","meta":{"_et_pb_use_builder":"on","_et_pb_old_content":"","_et_gb_content_width":"","footnotes":""},"class_list":["post-149","page","type-page","status-publish","hentry"],"_links":{"self":[{"href":"https:\/\/grupointelsa.com\/index.php?rest_route=\/wp\/v2\/pages\/149","targetHints":{"allow":["GET"]}}],"collection":[{"href":"https:\/\/grupointelsa.com\/index.php?rest_route=\/wp\/v2\/pages"}],"about":[{"href":"https:\/\/grupointelsa.com\/index.php?rest_route=\/wp\/v2\/types\/page"}],"author":[{"embeddable":true,"href":"https:\/\/grupointelsa.com\/index.php?rest_route=\/wp\/v2\/users\/1"}],"replies":[{"embeddable":true,"href":"https:\/\/grupointelsa.com\/index.php?rest_route=%2Fwp%2Fv2%2Fcomments&post=149"}],"version-history":[{"count":13,"href":"https:\/\/grupointelsa.com\/index.php?rest_route=\/wp\/v2\/pages\/149\/revisions"}],"predecessor-version":[{"id":383,"href":"https:\/\/grupointelsa.com\/index.php?rest_route=\/wp\/v2\/pages\/149\/revisions\/383"}],"wp:attachment":[{"href":"https:\/\/grupointelsa.com\/index.php?rest_route=%2Fwp%2Fv2%2Fmedia&parent=149"}],"curies":[{"name":"wp","href":"https:\/\/api.w.org\/{rel}","templated":true}]}}